Is 139 a factor of 283800120?
False
Does 3585 divide 351010935?
True
Is 1354 a factor of 477667442?
False
Is 75 a factor of 889923675?
True
Does 14 divide 48653162?
False
Does 2 divide 187444843?
False
Is 527 a factor of 2048042683?
True
Is 1187409146 a multiple of 15?
False
Is 1176 a factor of 107068384?
False
Is 621983655 a multiple of 5?
True
Is 967 a factor of 16314257?
True
Does 20 divide 2689852117?
False
Is 223 a factor of 54078392?
True
Is 50302112 a multiple of 32?
True
Does 4 divide 25990145?
False
Does 168 divide 82129320?
True
Is 17 a factor of 717832394?
False
Is 210770404 a multiple of 6285?
False
Is 79 a factor of 65102076?
False
Is 469 a factor of 291982380?
False
Does 386 divide 19491158?
False
Does 15 divide 282615410?
False
Does 233 divide 320130117?
True
Does 175 divide 253279425?
True
Does 4 divide 129932?
True
Is 8794 a factor of 4766606662?
False
Is 185425906 a multiple of 9?
False
Is 3455 a factor of 2072810376?
False
Is 25 a factor of 4287752?
False
Is 79870406 a multiple of 847?
True
Is 37 a factor of 23335057?
False
Does 45 divide 25151445?
True
Is 353159079 a multiple of 7?
True
Is 10213029 a multiple of 17?
False
Is 61878176 a multiple of 1336?
True
Is 453 a factor of 21316821?
True
Is 73169159 a multiple of 20?
False
Is 48095091 a multiple of 1681?
True
Does 2210 divide 115456365?
False
Is 1170847527 a multiple of 148?
False
Is 1928 a factor of 786624?
True
Is 86690676 a multiple of 6?
True
Is 152596850 a multiple of 889?
True
Does 32 divide 751840608?
True
Does 36 divide 35930933?
False
Does 252 divide 266197727?
False
Does 291 divide 21415681?
False
Is 38 a factor of 25533012?
False
Does 5 divide 2782494?
False
Is 179 a factor of 34270410?
False
Does 200 divide 204481200?
True
Does 1398 divide 389149797?
False
Is 1051479480 a multiple of 15?
True
Is 91474680 a multiple of 2760?
True
Is 43951492 a multiple of 158?
True
Does 2577 divide 2067489?
False
Is 5 a factor of 5812415?
True
Is 73 a factor of 414631362?
False
Does 1115 divide 17762350?
False
Is 8664419 a multiple of 4?
False
Is 27 a factor of 107689?
False
Does 272 divide 30677520?
True
Is 721 a factor of 15981359?
False
Does 16 divide 6229009?
False
Does 1119 divide 15461774?
False
Is 46526748 a multiple of 24?
False
Is 31209392 a multiple of 7?
False
Is 158080722 a multiple of 16?
False
Is 103083200 a multiple of 20?
True
Does 7371 divide 4825535715?
True
Is 758729650 a multiple of 175?
True
Is 306941486 a multiple of 46?
True
Does 2892 divide 470197147?
False
Is 43 a factor of 814764337?
False
Is 297 a factor of 118179556?
False
Does 16 divide 441516864?
True
Does 1028 divide 11314168?
True
Does 271 divide 134440266?
False
Is 94680191 a multiple of 220?
False
Is 168 a factor of 88910839?
False
Does 5 divide 65271304?
False
Does 50 divide 91436450?
True
Is 124386065 a multiple of 32?
False
Is 173406920 a multiple of 415?
True
Is 109854855 a multiple of 279?
True
Is 1010846215 a multiple of 7271?
False
Is 46703757 a multiple of 6?
False
Is 199 a factor of 1902429055?
True
Does 2 divide 196551760?
True
Is 768083373 a multiple of 61?
False
Does 63 divide 910831197?
False
Does 5 divide 15037560?
True
Is 6 a factor of 288980809?
False
Is 266191921 a multiple of 61?
False
Is 4125 a factor of 221685750?
True
Does 68 divide 1736318673?
False
Is 1355 a factor of 109874240?
True
Does 37 divide 31454255?
True
Is 51652000 a multiple of 37?
True
Is 41485018 a multiple of 302?
False
Is 285697615 a multiple of 5?
True
Does 8 divide 181223328?
True
Does 16 divide 1071895648?
True
Is 81122640 a multiple of 255?
True
Is 22687416 a multiple of 24?
True
Does 21 divide 1462199847?
False
Is 155242221 a multiple of 5?
False
Is 13 a factor of 5557967?
False
Does 593 divide 11992239?
True
Is 18904894 a multiple of 209?
False
Does 7 divide 7244811?
True
Is 148 a factor of 263532204?
True
Is 43014552 a multiple of 392?
True
Does 170 divide 2042587?
False
Does 83 divide 334596874?
False
Is 17418665 a multiple of 18?
False
Is 570 a factor of 747059718?
False
Is 201 a factor of 121806?
True
Is 384 a factor of 16610082?
False
Is 1834794241 a multiple of 16?
False
Is 1769 a factor of 46484609?
False
Does 201 divide 33871716?
True
Is 132201862 a multiple of 5554?
True
Does 548 divide 207179072?
True
Does 176 divide 472893168?
True
Does 401 divide 130180589?
False
Is 59 a factor of 671115231?
False
Does 80 divide 466171520?
True
Does 3721 divide 131390093?
False
Is 36366693 a multiple of 7?
False
Is 14424445 a multiple of 35?
True
Does 256 divide 128813568?
True
Does 563 divide 161084997?
True
Is 21 a factor of 10096359?
True
Is 26 a factor of 7489485676?
False
Does 286 divide 361319816?
True
Is 1223 a factor of 77400001?
True
Does 2754 divide 1601213685?
False
Is 221291538 a multiple of 157?
False
Is 2308 a factor of 3277980329?
False
Does 318 divide 417791898?
True
Is 158269356 a multiple of 783?
True
Is 14 a factor of 15138340?
True
Is 20024213 a multiple of 1528?
False
Does 7 divide 354315648?
False
Is 202044456 a multiple of 5508?
True
Does 86 divide 12049498?
False
Is 1578203986 a multiple of 624?
False
Does 43 divide 959263522?
True
Is 24027312 a multiple of 371?
False
Is 251377952 a multiple of 70?
False
Does 218 divide 4622254?
True
Is 42 a factor of 18831162?
True
Is 1618 a factor of 1175010877?
False
Does 26 divide 4396756936?
True
Is 45 a factor of 43896952?
False
Does 21 divide 6233336?
False
Does 4363 divide 360209280?
True
Is 18 a factor of 15642414?
True
Is 1123853600 a multiple of 230?
True
Is 15 a factor of 504493635?
True
Is 22491380 a multiple of 25?
False
Is 529484490 a multiple of 90?
True
Does 260 divide 11367200?
True
Is 23 a factor of 349921126?
True
Is 121046743 a multiple of 661?
False
Is 935 a factor of 91284050?
True
Is 24975090 a multiple of 1367?
True
Does 3797 divide 391454351?
False
Is 1897 a factor of 7203837?
False
Is 13 a factor of 294981722?
False
Is 9 a factor of 168471405?
True
Is 1397 a factor of 404798590?
False
Is 300150773 a multiple of 31?
True
Is 5 a factor of 195192033?
False
Is 236 a factor of 93941680?
False
Does 4 divide 15733245?
False
Is 14892204 a multiple of 1258?
True
Does 2192 divide 37616974?
False
Is 186 a factor of 2245392?
True
Is 58265582 a multiple of 142?
True
Is 21792093 a multiple of 12?
False
Is 36539913 a multiple of 14?
False
Is 31 a factor of 1314330560?
True
Is 34653916 a multiple of 566?
True
Is 28 a factor of 55354883?
False
Is 350250898 a multiple of 4802?
False
Is 46089104 a multiple of 452?
False
Is 152836905 a multiple of 2?
False
Is 8648506 a multiple of 4?
False
Is 89098386 a multiple of 6?
True
Does 3513 divide 168553740?
True
Is 780264480 a multiple of 4?
True
Is 922 a factor of 53592172?
True
Is 1725 a factor of 29942550?
True
Is 117024473 a multiple of 1325?
False
Is 47423500 a multiple of 4?
True
Does 50 divide 23310881?
False
Is 4975564 a multiple of 2?
True
Is 67265040 a multiple of 310?
True
Is 326389745 a multiple of 545?
False
Is 1611 a factor of 16114833?
True
Is 28 a factor of 1335121397?
False
Is 78560119 a multiple of 1010?
False
Is 796 a factor of 735599520?
True
Is 4707 a factor of 2281063977?
True
Is 1174625959 a multiple of 229?
True
Does 4 divide 23707551?
False
Is 143 a factor of 5001750?
False
Is 2879 a factor of 317902059?
True
Is 581358367 a multiple of 17?
True
Is 189 a factor of 213093508?
False
Does 21 divide 2272872?
True
Is 21 a factor of 85758729?
True
Is 78643764 a multiple of 1614?
True
Does 4 divide 14979024?
True
Is 220748511 a multiple of 254?
False
Is 4356 a factor of 274812380?
False
Does 25 divide 204734000?
True
Is 118269828 a multiple of 1113?
False
Is 55017470 a multiple of 1535?
True
Is 2613 a factor of 75662028?
True
Is 5740860 a multiple of 60?
True
Is 18 a factor of 372543448?
False
Does 6402 divide 508619694?
True
Is 3276 a factor of 135245902?
False
Is 15 a factor of 797877857?
False
Does 14 divide 547763328?
True
Is 200394570 a multiple of 762?
True
Is 13 a factor of 105425689?
False
Is 38 a factor of 204137323?
False
Is 4033 a factor of 728029094?
True
Is 909889 a multiple of 2?
False
Is 441 a factor of 52560105?
False
Is 418176477 a multiple of 166?
False
Is 6 a factor of 2500506?
True
Does 11 divide 50421700?
False
Does 67 divide 512009154?
False
Is 57 a fact